{"id":169,"date":"2020-01-22T14:42:27","date_gmt":"2020-01-22T11:42:27","guid":{"rendered":"https:\/\/bestroyaldavet.com\/?page_id=169"},"modified":"2020-02-04T12:38:08","modified_gmt":"2020-02-04T09:38:08","slug":"iletisim","status":"publish","type":"page","link":"https:\/\/bestroyaldavet.com\/silver\/iletisim","title":{"rendered":"\u0130leti\u015fim"},"content":{"rendered":"<div class=\"row align-equal\"  id=\"row-1123570776\">\n\n\t<div id=\"col-1202056746\" class=\"col medium-6 small-12 large-6\"  >\n\t\t\t\t<div class=\"col-inner\"  >\n\t\t\t\n\t\t\t\n\n\t\t<div class=\"tabbed-content\">\n\t\t\t\n\t\t\t<ul class=\"nav nav-tabs nav-normal nav-size-normal nav-left\" role=\"tablist\"><li id=\"tab-\u0130let\u0130\u015e\u0130m-b\u0130lg\u0130ler\u0130\" class=\"tab active has-icon\" role=\"presentation\"><a href=\"#tab_\u0130let\u0130\u015e\u0130m-b\u0130lg\u0130ler\u0130\" role=\"tab\" aria-selected=\"true\" aria-controls=\"tab_\u0130let\u0130\u015e\u0130m-b\u0130lg\u0130ler\u0130\"><span>\u0130LET\u0130\u015e\u0130M B\u0130LG\u0130LER\u0130<\/span><\/a><\/li><\/ul><div class=\"tab-panels\"><div id=\"tab_\u0130let\u0130\u015e\u0130m-b\u0130lg\u0130ler\u0130\" class=\"panel active entry-content\" role=\"tabpanel\" aria-labelledby=\"tab-\u0130let\u0130\u015e\u0130m-b\u0130lg\u0130ler\u0130\">\n<p><i class=\"fa fa-home\"><\/i> <b>Adres:<\/b> \u00dcniversite Mh. E-5 Karayolu \u00dczeri Avc\u0131lar Lisesi Kar\u015f\u0131s\u0131 (Pelican MALL AVM&#8217;nin 200 metre ilerisi)<\/p>\n<p><i class=\"fa fa-phone\"><\/i> <b>Telefon:<\/b> <a href=\"tel:02124212828\">0(212) 421 28 28<\/a><\/p>\n<p><strong>Mobil: <\/strong><a href=\"tel:05384061402\">0(538) 406 14 02<\/a><\/p>\n<p><i class=\"fa fa-envelope\"><\/i> <b>E-Posta:<\/b> <a href=\"mailto:info@bestroyaldavet.com\">info@bestroyaldavet.com<\/a><\/p>\n<p><iframe loading=\"lazy\" src=\"https:\/\/www.google.com\/maps\/embed?pb=!1m18!1m12!1m3!1d4137.585509668463!2d28.709193216375994!3d40.99363803258366!2m3!1f0!2f0!3f0!3m2!1i1024!2i768!4f13.1!3m3!1m2!1s0x14caa1d5c01d4111%3A0xc1b6406500ede639!2sBest%20Royal!5e0!3m2!1str!2str!4v1580808926153!5m2!1str!2str\" width=\"100%\" height=\"160\" frameborder=\"0\" style=\"border:0;\" allowfullscreen=\"\"><\/iframe><\/p>\n<\/div><\/div><\/div>\n\t\t<\/div>\n\t\t\t\t\t<\/div>\n\n\t\n\n\t<div id=\"col-641097226\" class=\"col medium-6 small-12 large-6\"  >\n\t\t\t\t<div class=\"col-inner\"  >\n\t\t\t\n\t\t\t\n\n\t\t<div class=\"tabbed-content\">\n\t\t\t\n\t\t\t<ul class=\"nav nav-tabs nav-normal nav-size-normal nav-left\" role=\"tablist\"><li id=\"tab-\u0130let\u0130\u015e\u0130m-formu\" class=\"tab active has-icon\" role=\"presentation\"><a href=\"#tab_\u0130let\u0130\u015e\u0130m-formu\" role=\"tab\" aria-selected=\"true\" aria-controls=\"tab_\u0130let\u0130\u015e\u0130m-formu\"><span>\u0130LET\u0130\u015e\u0130M FORMU<\/span><\/a><\/li><\/ul><div class=\"tab-panels\"><div id=\"tab_\u0130let\u0130\u015e\u0130m-formu\" class=\"panel active entry-content\" role=\"tabpanel\" aria-labelledby=\"tab-\u0130let\u0130\u015e\u0130m-formu\">\n\n<div class=\"wpcf7 no-js\" id=\"wpcf7-f236-o1\" lang=\"tr-TR\" dir=\"ltr\" data-wpcf7-id=\"236\">\n<div class=\"screen-reader-response\"><p role=\"status\" aria-live=\"polite\" aria-atomic=\"true\"><\/p> <ul><\/ul><\/div>\n<form action=\"\/silver\/wp-json\/wp\/v2\/pages\/169#wpcf7-f236-o1\" method=\"post\" class=\"wpcf7-form init\" aria-label=\"\u0130leti\u015fim Formu\" novalidate=\"novalidate\" data-status=\"init\">\n<div style=\"display: none;\">\n<input type=\"hidden\" name=\"_wpcf7\" value=\"236\" \/>\n<input type=\"hidden\" name=\"_wpcf7_version\" value=\"6.0.3\" \/>\n<input type=\"hidden\" name=\"_wpcf7_locale\" value=\"tr_TR\" \/>\n<input type=\"hidden\" name=\"_wpcf7_unit_tag\" value=\"wpcf7-f236-o1\" \/>\n<input type=\"hidden\" name=\"_wpcf7_container_post\" value=\"0\" \/>\n<input type=\"hidden\" name=\"_wpcf7_posted_data_hash\" value=\"\" \/>\n<\/div>\n<p><span class=\"wpcf7-form-control-wrap\" data-name=\"adsoyadd\"><input size=\"40\" maxlength=\"400\" class=\"wpcf7-form-control wpcf7-text wpcf7-validates-as-required\" aria-required=\"true\" aria-invalid=\"false\" placeholder=\"\u0130sim Soyisim\" value=\"\" type=\"text\" name=\"adsoyadd\" \/><\/span>\n<\/p>\n<p><span class=\"wpcf7-form-control-wrap\" data-name=\"e-posta\"><input size=\"40\" maxlength=\"400\" class=\"wpcf7-form-control wpcf7-email wpcf7-validates-as-required wpcf7-text wpcf7-validates-as-email\" aria-required=\"true\" aria-invalid=\"false\" placeholder=\"E-Posta Adresiniz\" value=\"\" type=\"email\" name=\"e-posta\" \/><\/span>\n<\/p>\n<p><span class=\"wpcf7-form-control-wrap\" data-name=\"paketler\"><select class=\"wpcf7-form-control wpcf7-select wpcf7-validates-as-required\" aria-required=\"true\" aria-invalid=\"false\" name=\"paketler\"><option value=\"-Se\u00e7iniz\">-Se\u00e7iniz<\/option><option value=\"Bilgi\">Bilgi<\/option><option value=\"\u00d6neri ve \u0130stek\">\u00d6neri ve \u0130stek<\/option><option value=\"\u015eikayet\">\u015eikayet<\/option><\/select><\/span>\n<\/p>\n<p><span class=\"wpcf7-form-control-wrap\" data-name=\"your-message\"><textarea cols=\"40\" rows=\"10\" maxlength=\"2000\" class=\"wpcf7-form-control wpcf7-textarea\" aria-invalid=\"false\" placeholder=\"Mesaj\u0131n\u0131z\" name=\"your-message\"><\/textarea><\/span>\n<\/p>\n<p><input class=\"wpcf7-form-control wpcf7-submit has-spinner\" type=\"submit\" value=\"G\u00f6nder\" \/>\n<\/p><div class=\"wpcf7-response-output\" aria-hidden=\"true\"><\/div>\n<\/form>\n<\/div>\n\n<\/div><\/div><\/div>\n\t\t<\/div>\n\t\t\t\t\t<\/div>\n\n\t\n<\/div>\n","protected":false},"excerpt":{"rendered":"","protected":false},"author":1,"featured_media":0,"parent":0,"menu_order":0,"comment_status":"closed","ping_status":"closed","template":"","meta":{"_joinchat":[],"footnotes":""},"class_list":["post-169","page","type-page","status-publish","hentry"],"_links":{"self":[{"href":"https:\/\/bestroyaldavet.com\/silver\/wp-json\/wp\/v2\/pages\/169","targetHints":{"allow":["GET"]}}],"collection":[{"href":"https:\/\/bestroyaldavet.com\/silver\/wp-json\/wp\/v2\/pages"}],"about":[{"href":"https:\/\/bestroyaldavet.com\/silver\/wp-json\/wp\/v2\/types\/page"}],"author":[{"embeddable":true,"href":"https:\/\/bestroyaldavet.com\/silver\/wp-json\/wp\/v2\/users\/1"}],"replies":[{"embeddable":true,"href":"https:\/\/bestroyaldavet.com\/silver\/wp-json\/wp\/v2\/comments?post=169"}],"version-history":[{"count":8,"href":"https:\/\/bestroyaldavet.com\/silver\/wp-json\/wp\/v2\/pages\/169\/revisions"}],"predecessor-version":[{"id":312,"href":"https:\/\/bestroyaldavet.com\/silver\/wp-json\/wp\/v2\/pages\/169\/revisions\/312"}],"wp:attachment":[{"href":"https:\/\/bestroyaldavet.com\/silver\/wp-json\/wp\/v2\/media?parent=169"}],"curies":[{"name":"wp","href":"https:\/\/api.w.org\/{rel}","templated":true}]}}